{"id":503,"date":"2012-06-12T13:54:50","date_gmt":"2012-06-12T13:54:50","guid":{"rendered":"https:\/\/humanoser.com.br\/?page_id=503"},"modified":"2022-12-06T12:14:38","modified_gmt":"2022-12-06T12:14:38","slug":"cadastre-seu-curriculo-2","status":"publish","type":"page","link":"https:\/\/humanoser.com.br\/?page_id=503","title":{"rendered":"Cadastre Seu Curr\u00edculo"},"content":{"rendered":"<p>Um dos portais mais eficazes para o seu sucesso no mercado de trabalho.<br \/>\nCadastrando o seu curr\u00edculo na HUMANOSER por um investimento \u00fanico, voc\u00ea participar\u00e1 imediatamente das vagas anunciadas em nosso site por um per\u00edodo de 180(Cento e Oitenta) dias, onde a todo momento seu curr\u00edculo estar\u00e1 sendo analisado por uma equipe especializada em Recrutamento &#038; Sele\u00e7\u00e3o, para que conforme seu perfil, possamos convid\u00e1-lo a concorrer \u00e0s vagas em nosso site.<\/p>\n<p>Ap\u00f3s o cadastro de seu curr\u00edculo, voc\u00ea receber\u00e1 uma senha atrav\u00e9s de email para participar gratuitamente do nosso curso para candidatos de PREPARA\u00c7\u00c3O PARA O MERCADO DE TRABALHO, onde apresentaremos dicas importantes para seu sucesso em sua busca profissional.<\/p>\n<ul>\n<li>Esse curso \u00e9 elaborado para aqueles que possuem d\u00favidas e querem dicas de como fazer um curr\u00edculo eficiente,<\/li>\n<li>Dicas para voc\u00ea sentir mais seguro em suas entrevistas e psicotestes;<\/li>\n<li>Dicas de vestimentas e como se comportar em um processo seletivo;<\/li>\n<li>Conhecer erros que podem desclassific\u00e1-lo.<\/li>\n<\/ul>\n<p>Esse curso tem uma dura\u00e7\u00e3o de 12 minutos e \u00e9 exclusivo para candidatos com cadastrados ativos em nosso site ou para os clientes que compraram essa ferramenta. Fa\u00e7a a diferen\u00e7a!<\/p>\n<p><!--\n\n<p><strong>PLANO PROMOCIONAL PARA O CADASTRO DO SEU CURR\u00cdCULO\u00a0<\/strong><\/p>\n\n\n\n\n<p><strong>OFERTA POR TEMPO LIMITADO\u00a0<\/strong><\/p>\n\n\n\n\n<p>INVESTIMENTO \u00daNICO: R$ 20,00 (por um per\u00edodo de 180 dias sem custo algum adicional)<br \/>\nPARA CONCORRER AS OPORTUNIDADES DE EMPREGOS OFERECIDAS POR UM PERIODO DE 180 DIAS<\/p>\n\n--><\/p>\n<h1 style=\"text-align: center;\"><strong><span style=\"color: #ff0000;\">DICA DE OURO<\/span><\/strong><\/h1>\n<ul>\n<li>\n<div style=\"text-align: left;\"><span style=\"color: #000000;\"><strong>Comece e termine seu curr\u00edculo colocando o m\u00e1ximo de informa\u00e7\u00e3o poss\u00edvel, procure preencher todos os campos.Foque no cargo onde voc\u00ea possuir maior experi\u00eancia e interesse\u00a0<span style=\"text-decoration: underline;\">descrevendo com detalhes suas atividades<\/span> e tempo de profiss\u00e3o nas \u00faltimas empresas.\u00a0<\/strong><\/span><\/div>\n<\/li>\n<\/ul>\n<p style=\"text-align: center;\"><span style=\"color: #000000;\"><strong>Isso enriquecer\u00e1 o seu curr\u00edculo aumentando muito suas chances de sucesso!<\/strong><\/span><\/p>\n<p style=\"text-align: center;\"><span style=\"color: #000000;\"><strong>SEU SUCESSO DEPENDE PRINCIPALMENTE DE VOC\u00ca\u00a0<\/strong><\/span><\/p>\n<p style=\"text-align: left;\"><span style=\"color: #000000;\">\u00a0<\/span><\/p>\n<p><center><!--onclick=\"$('#formulario-candidato').fadeIn()\" href=\"#formulario-candidato\"--><a title=\"Realize Seu Cadastro\" href=\"http:\/\/humanoser.com.br\/curriculos\/criarConta.php\" target=\"_blank\"><img loading=\"lazy\" decoding=\"async\" class=\"aligncenter size-full wp-image-508\" title=\"cadastre\" src=\"http:\/\/humanoser.com.br\/wp-content\/uploads\/2012\/06\/cadastre.png\" alt=\"\" width=\"300\" height=\"40\" \/><\/a><\/center><\/p>\n<div id=\"formulario-candidato\" style=\"display: none;\">    <form action=\"https:\/\/pagseguro.uol.com.br\/v2\/checkout\/payment.html\" method=\"post\" id=\"cadastro-form\" class=\"wpcf7-form\">\r\n\r\n        <div id=\"alert-error\" style=\"display: none\"><\/div>\r\n\r\n        <input type=\"hidden\" name=\"receiverEmail\" value=\"comercial@humanoser.com.br\"\/>  \r\n        <input type=\"hidden\" name=\"currency\" value=\"BRL\"\/> \r\n        <input type=\"hidden\" name=\"tipo\" value=\"CBR\"\/>\r\n        <input type=\"hidden\" name=\"encoding\" value=\"utf-8\"\/>\r\n\r\n        <!-- DESCRICAO PRODUTO -->\r\n        <input type=\"hidden\" id=\"itemId\" name=\"itemId1\" value=\"\"\/>  \r\n        <input type=\"hidden\" name=\"itemDescription1\" value=\"Plano Candidato Humanoser - 180 Dias\"\/>  \r\n        <input type=\"hidden\" name=\"itemAmount1\" value=\"20.00\"\/>  \r\n        <input type=\"hidden\" name=\"itemQuantity1\" value=\"1\"\/>  \r\n        <input type=\"hidden\" name=\"itemWeight1\" value=\"0\"\/>\r\n        <input type=\"hidden\" name=\"reference\" value=\"1\">\r\n        \r\n        <!-- action para acao WP AJAX -->\r\n        <input type=\"hidden\" name=\"action\" value=\"cadastraCandidato\"\/>\r\n\r\n        <input type=\"hidden\" name=\"plano\" value=\"9\"\/>\r\n\r\n        <p><label>E-mail <strong>*<\/strong><\/label><br>\r\n            <input type=\"text\" name=\"email\" class=\"required-email required\" autocomplete=\"off\"\/><\/p>\r\n        <p><label>Nome <strong>*<\/strong><\/label><br>\r\n            <input type=\"text\" name=\"nome\" class=\"required\"\/><\/p>\r\n        <p><label>Endere\u00e7o <strong>*<\/strong><\/label><br>\r\n            <input type=\"text\" name=\"endereco\" class=\"required\"\/><\/p>\r\n        <p><label>Bairro <strong>*<\/strong><\/label><br>\r\n            <input type=\"text\" name=\"bairro\" class=\"required\"\/><\/p>\r\n        <p><label>Cidade <strong>*<\/strong><\/label><br>\r\n            <input type=\"text\" name=\"cidade\" class=\"m required\"\/><\/p>\r\n        <p><label>Estado <strong>*<\/strong><\/label><br>\r\n            <select name=\"uf\" class=\"required\">\r\n                <option value=\"\">Selecione<\/option>\r\n                <option value=\"AL\">AL<\/option>\r\n                <option value=\"AP\">AP<\/option>\r\n                <option value=\"AM\">AM<\/option>\r\n                <option value=\"BA\">BA<\/option>\r\n                <option value=\"CE\">CE<\/option>\r\n                <option value=\"DF\">DF<\/option>\r\n                <option value=\"ES\">ES<\/option>\r\n                <option value=\"GO\">GO<\/option>\r\n                <option value=\"MA\">MA<\/option>\r\n                <option value=\"MT\">MT<\/option>\r\n                <option value=\"MS\">MS<\/option>\r\n                <option value=\"MG\">MG<\/option>\r\n                <option value=\"PA\">PA<\/option>\r\n                <option value=\"PB\">PB<\/option>\r\n                <option value=\"PR\">PR<\/option>\r\n                <option value=\"PE\">PE<\/option>\r\n                <option value=\"PI\">PI<\/option>\r\n                <option value=\"RJ\">RJ<\/option>\r\n                <option value=\"RN\">RN<\/option>\r\n                <option value=\"RS\">RS<\/option>\r\n                <option value=\"RO\">RO<\/option>\r\n                <option value=\"RR\">RR<\/option>\r\n                <option value=\"SC\">SC<\/option>\r\n                <option value=\"SP\">SP<\/option>\r\n                <option value=\"SE\">SE<\/option>\r\n                <option value=\"TO\">TO<\/option>\r\n            <\/select><\/p>\r\n        <p><label>CPF <strong>*<\/strong><\/label><br>\r\n            <input type=\"text\" name=\"cpf\" class=\"cpf m required\"\/><\/p>\r\n        <p><label>Telefone <strong>*<\/strong><\/label><br>\r\n            <input type=\"text\" name=\"telefone\" class=\"fone m required\"\/><\/p>\r\n        <p><label>Celular <strong>*<\/strong><\/label><br>\r\n            <input type=\"text\" name=\"celular\" class=\"fone m required\"\/><\/p>\r\n        <p><label>Data de Nascimento <strong>*<\/strong><\/label><br>\r\n            <input type=\"text\" name=\"datanascimento\" class=\"data m required\"\/><\/p>\r\n\r\n    <!--        <p><label>Senha <strong>*<\/strong><\/label><br>\r\n        <input type=\"password\" name=\"senha\" class=\"required\"><\/p>-->\r\n\r\n        <input id=\"submit-form\" type=\"submit\" value=\"Salvar\" class=\"wpcf7-submit a1\"\/>\r\n    <\/form>\r\n    <\/div>\n","protected":false},"excerpt":{"rendered":"<p>Um dos portais mais eficazes para o seu sucesso no mercado de trabalho. Cadastrando o seu curr\u00edculo na HUMANOSER por um investimento \u00fanico, voc\u00ea participar\u00e1 imediatamente das vagas anunciadas em nosso site por um per\u00edodo de 180(Cento e Oitenta) dias, onde a todo momento seu curr\u00edculo estar\u00e1 sendo analisado por uma equipe especializada em Recrutamento [&hellip;]<\/p>\n","protected":false},"author":1,"featured_media":0,"parent":0,"menu_order":0,"comment_status":"open","ping_status":"closed","template":"","meta":{"footnotes":""},"class_list":["post-503","page","type-page","status-publish","hentry"],"_links":{"self":[{"href":"https:\/\/humanoser.com.br\/index.php?rest_route=\/wp\/v2\/pages\/503","targetHints":{"allow":["GET"]}}],"collection":[{"href":"https:\/\/humanoser.com.br\/index.php?rest_route=\/wp\/v2\/pages"}],"about":[{"href":"https:\/\/humanoser.com.br\/index.php?rest_route=\/wp\/v2\/types\/page"}],"author":[{"embeddable":true,"href":"https:\/\/humanoser.com.br\/index.php?rest_route=\/wp\/v2\/users\/1"}],"replies":[{"embeddable":true,"href":"https:\/\/humanoser.com.br\/index.php?rest_route=%2Fwp%2Fv2%2Fcomments&post=503"}],"version-history":[{"count":42,"href":"https:\/\/humanoser.com.br\/index.php?rest_route=\/wp\/v2\/pages\/503\/revisions"}],"predecessor-version":[{"id":4071,"href":"https:\/\/humanoser.com.br\/index.php?rest_route=\/wp\/v2\/pages\/503\/revisions\/4071"}],"wp:attachment":[{"href":"https:\/\/humanoser.com.br\/index.php?rest_route=%2Fwp%2Fv2%2Fmedia&parent=503"}],"curies":[{"name":"wp","href":"https:\/\/api.w.org\/{rel}","templated":true}]}}